 4*i - 29. What is the remainder when n is divided by 1?
0
Let f be (((-18)/8)/3)/(10/80). Let y(n) = n**3 + 5*n**2 - 8*n + 14. What is the remainder when 103 is divided by y(f)?
25
Suppose -n - 59 = 3. Let z = 67 + n. Calculate the remainder when z is divided by 2.
1
Let g = 19 + -10. Let s = -5 + g. Suppose -3*a + 5*j = -103, 2*a + 3*a + s*j = 110. What is the remainder when 76 is divided by a?
24
Let u(b) = b**3 - 11*b**2 + 12*b - 11. Let v be u(10). Let c be 2/(-6) + (-654)/v. Let y = c - -124. Calculate the remainder when y is divided by 26.
25
Suppose -13 = -4*w - 9. Let t be -1*w - (11 - 16). Suppose t*r = 3 + 17. What is the remainder when 14 is divided by r?
4
Let a = 3 - -68. What is the remainder when a is divided by 6?
5
Let q = 25 - 18. Calculate the remainder when (-12)/4 + -1 + 9 - -13 is divided by q.
4
Suppose -4*f + 1 = -2*m - 9, 5*f - 5 = 5*m. Calculate the remainder when 37 is divided by 22/(-6)*m/(-1).
4
Let q = -46 - -46. Suppose 5*g + q*g = 25. Calculate the remainder when 18 is divided by g.
3
Let i(s) = 215*s**3 - 3*s + 2. Calculate the remainder when i(1) is divided by 31.
28
Let c be (-6)/(-5)*20/6. What is the remainder when 40 is divided by 55/c - (-2)/8?
12
Let x(l) = -l**2 - 64*l - 383. Calculate the remainder when 3565 is divided by x(-7).
13
Let j(r) = r**3 + 45*r**2 - r + 42. Calculate the remainder when j(-45) is divided by 31.
25
Let p = 2302 - 689. What is the remainder when p is divided by 49?
45
Let s(g) = -7*g**2 - 19*g - 1. Let l be s(-3). Let t = l - -26. Calculate the remainder when 284 is divided by t.
18
Let s(p) = 40*p - 57. Calculate the remainder when 202 is divided by s(4).
99
Suppose -c = -12*c + 242. What is the remainder when 74 is divided by c?
8
Let r be (-180)/14*140/(-30). Let m = r + -40. What is the remainder when 49 is divided by m?
9
Let m(y) = 2*y + 373. Calculate the remainder when m(28) is divided by 24.
21
Calculate the remainder when 67 is divided by 76/(-10)*(-110)/44.
10
Let h(i) = 29*i**3 + i**2 - 3*i + 1. Calculate the remainder when h(1) is divided by 11.
6
Let q = 145 + 3. Calculate the remainder when q is divided by 44.
16
Suppose 5*a = 56 - 11. Let c be (16/(-12))/((-3)/a). What is the remainder when 43 is divided by c/(-2) + 132/12?
7
Calculate the remainder when (-14058)/(-231)*(-56)/(-6) is divided by 19.
17
Let s(r) = r**2 - 14*r + 9. Calculate the remainder when 87 is divided by s(18).
6
Let t(a) = 6*a**2 + 3*a + 1. Let d be t(-5). Suppose 0*o - 4*i = -3*o + d, -112 = -3*o - 2*i. Let j = -32 + o. Calculate the remainder when j is divided by 5.
3
Let n(d) = -47 + 7*d**2 + 42 - 11*d + 4*d**3 - 3*d**3. Suppose 2*l - 17 = 3. Calculate the remainder when n(-8) is divided by l.
9
Let h(b) = -27*b - 1669. Calculate the remainder when (-1)/((-2)/((-26)/(-1))) is divided by h(-62).
3
Let g(y) = y**2 + 9*y + 26. What is the remainder when 227 is divided by g(-9)?
19
Let z = -76 - -75. Calculate the remainder when z + 50 + (-7 - -10) is divided by 4/14 - 248/(-14).
16
Let a be 2/7 + 2 + 21744/42. Suppose -9*r = -4*r - a. Calculate the remainder when r is divided by 35.
34
Suppose -3*s + 1 = 2*h, -4*h = -2*h + 4*s - 6. Let b(c) = -11*c - 23. Let y be b(h). Suppose -4*r + y = 6. What is the remainder when 58 is divided by r?
10
Suppose -5*m = -14*m - 162. What is the remainder when 2/(3/m*-1) is divided by 8?
4
Let c(i) = 20*i - 132. Calculate the remainder when 78 is divided by c(7).
6
Let f = 766 - 736. What is the remainder when 177 is divided by f?
27
Suppose -5*c + 37 = 27. Let l be 2/c*2/(-2). What is the remainder when 41 is divided by l/((-96)/(-33) - 3)?
8
Let a(s) be the third derivative of -s**5/30 - 11*s**4/12 - 11*s**3/6 - 9*s**2. Let z(c) = c**2 + 13. Calculate the remainder when a(-6) is divided by z(0).
10
Let v = 107 - 96. Let h(o) = o**3 - 9*o**2 - 19*o - 26. What is the remainder when h(v) is divided by 6?
1
Suppose -2*z + 52 = 2. Calculate the remainder when (-2 + 4 + -1)*z is divided by (-16)/(-4) + -3 - -12.
12
Suppose -2*m = 3*m. Suppose j - 2*j + 46 = m. What is the remainder when j is divided by (432/180)/(2/10)?
10
Suppose 82 = 4*h - 5*d, 2*h - 60 = -h + 3*d. Calculate the remainder when 70 is divided by h.
16
Let h(t) = -60 + 7 + 41*t - 33*t - 26*t. What is the remainder when h(-7) is divided by 20?
13
Let g(m) = -1 - 3 - m**2 + 1 + 7*m. Suppose -37*u - 55 = -48*u. What is the remainder when 11 is divided by g(u)?
4
Suppose -2 = -3*c + c, w + 2*c = 17. Suppose 3*a - 173 = -3*z - z, 4*z = -5*a + 171. What is the remainder when z is divided by w?
14
Let m(n) = 4*n**2 - 3*n - 12. Let t(i) = -8*i**2 + 5*i + 23. Let o(r) = -11*m(r) - 6*t(r). What is the remainder when o(4) is divided by 12?
10
Suppose 0*k + 8 = -2*k. Let p be (-1 + 3)*6/k. What is the remainder when 1/p - (-345)/9 is divided by 20?
18
Let m be (-40)/(-2)*(-5 + 6). Suppose -2*p + m + 18 = 0. Let j = 29 - p. What is the remainder when 17 is divided by j?
7
Let l(w) = -w**3 + 6*w**2 + 5*w + 15. What is the remainder when 30/40 + 2/8 is divided by l(7)?
0
Let i = 14 - 9. Let k(g) = 19*g**2 + 6*g - 34. Calculate the remainder when k(-2) is divided by i.
0
Let r = 190 - 127. Suppose 3*s + 3*x = r, -s + 4*x + 4 + 12 = 0. Calculate the remainder when s is divided by 6.
2
Let u(k) be the third derivative of k**5/30 + k**4/12 - k**3/3 + 2*k**2. Let y = -562 - -578. What is the remainder when y is divided by u(2)?
6
Suppose 5*n = 11*n - 270. What is the remainder when n is divided by 11?
1
Let d = -426 + 551. Calculate the remainder when d is divided by 9.
8
Let i(c) = 11*c**2 - 2*c + 1. Let l(t) = 67*t**3 - t**2 + t - 1. Let g be l(1). Let s = g + -29. What is the remainder when s is divided by i(1)?
7
Suppose 0 = -5*a + 2*f + 1097, -2*a - 3*f + 1117 = 3*a. Calculate the remainder when a is divided by 46.
37
Let m = 1 - 1. Suppose m = 3*x + 3*c - 30, 2*x + 2*x - 36 = -5*c. Suppose 5*n = v - 51, -n = -3*v + 4*n + 103. Calculate the remainder when v is divided by x.
12
Let t(g) = 3*g**2 + 2*g + 2. Let p be t(-2). Suppose -4*d + 2*d + 28 = 0. Calculate the remainder when d is divided by (66/44)/(3/p).
4
Let g = 248 - 221. What is the remainder when g is divided by 7?
6
Let a = -3234 + 3237. Suppose 2*l + 3 = 3*y, -l + 4*y - 1 - 8 = 0. Calculate the remainder when l is divided by a.
0
Suppose 4*z - 18 = -6. Let f = 3 + z. Let w = f - 3. What is the remainder when 3 is divided by w?
0
Let m = 1385 - 1050. Calculate the remainder when m is divided by 85.
80
Suppose -17*i = -464 + 5. Suppose 4*j + 0*x + x = 325, 0 = 2*x - 10. What is the remainder when j is divided by i?
26
Let u be 7 + 6/(-3) + -2. Suppose u*b - 2*x = b + 54, -135 = -5*b + x. Calculate the remainder when b is divided by 7.
6
Suppose -48 = -2*k + 23*i - 19*i, 0 = -k - 5*i + 24. What is the remainder when 95 is divided by k?
23
Let z = -100 + 79. Let a = z + 45. What is the remainder when 45 is divided by a?
21
Let l = 3 - 0. What is the remainder when ((-240)/(-5))/(-8) - -15 is divided by l?
0
Suppose -4*i - 3*m = -12, -4*m = -5*i - 6*m + 8. What is the remainder when 12 + 4 + i + 4 is divided by 8?
4
Suppose -c + 3*b + 17 = 1, 0 = -3*b - 3. Suppose 5*d - 72 = c. Suppose -4*v = -f - 23, -5*v - 7 = -5*f - 32. What is the remainder when d is divided by v?
5
Let o = -10 - -10. Suppose 10 = -5*g, c = 3*c + 5*g - 32. Let t = c - o. Calculate the remainder when t is divided by 6.
3
Let d(n) = -n**2 + 20. Let j(i) = 2*i**3 + 17*i**2 + 16*i + 40. Calculate the remainder when j(-7) is divided by d(0).
15
Suppose -3*l = -v + 2*v - 35, 0 = 2*l - v - 30. Let a = -2 + 21. Calculate the remainder when l is divided by ((-1)/3 + 2)/(a/57).
3
Suppose 0 = -3*x + 127 - 34. Suppose 8*y = 4*g + 5*y - x, 4*y = -2*g + 10. What is the remainder when 25 is divided by g?
4
Let n(l) = -l + 9. Let d(m) be the first derivative of -m**2/2 + 11*m + 12. What is the remainder when n(0) is divided by d(7)?
1
Suppose 3*h + 5*z = 102, 0 = -h - z + 44 - 10. Suppose -17*b - 2*a - 46 = -20*b, -b = -3*a - 27. Calculate the remainder when h is divided by b.
10
Calculate the remainder when (-21604)/(-36) + (-11)/99 is divided by 67.
64
Suppose -3*u = 4*w - 42, 2*w + 0*w + 4*u = 16. Suppose -34*z + 1155 = 21*z. What is the remainder when z is divided by w?
9
Let m = 2662 - 2650